{"id":404,"date":"2025-12-06T13:43:42","date_gmt":"2025-12-06T13:43:42","guid":{"rendered":"https:\/\/beta.metallbau-wicki.ch\/?page_id=404"},"modified":"2026-02-04T11:51:23","modified_gmt":"2026-02-04T10:51:23","slug":"do-it-yourself","status":"publish","type":"page","link":"https:\/\/metallbau-wicki.ch\/index.php\/do-it-yourself\/","title":{"rendered":"Do it yourself"},"content":{"rendered":"\n<div class=\"wp-block-columns is-layout-flex wp-container-core-columns-is-layout-28f84493 wp-block-columns-is-layout-flex\">\n<div class=\"wp-block-column is-layout-flow wp-block-column-is-layout-flow\"><\/div>\n\n\n\n<div class=\"wp-block-column is-layout-flow wp-block-column-is-layout-flow\">\n<h2 class=\"wp-block-heading\">Sie sind handwerklich begabt und wollen selber Hand anlegen? <\/h2>\n\n\n\n<p>Wir stellen das Gel\u00e4nder nach ihrer Zeichnung her. <\/p>\n\n\n\n<p>Sie montieren dann das Gel\u00e4nder selber.<\/p>\n\n\n\n<p>Laden Sie das PDF herunter und \u00f6ffnen Sie es am besten mit Adobe Reader oder einem Browser dort k\u00f6nnen Sie die Masse sowie n\u00f6tigen Montagen ausw\u00e4hlen und den Preis berechnen. <\/p>\n\n\n\n<figure class=\"wp-block-image aligncenter size-full\"><a href=\"https:\/\/metallbau-wicki.ch\/wp-content\/uploads\/2026\/01\/DYI-Gelaender.pdf\" target=\"_blank\" rel=\" noreferrer noopener\"><img decoding=\"async\" width=\"128\" height=\"128\" src=\"https:\/\/metallbau-wicki.ch\/wp-content\/uploads\/2026\/01\/pdf-icon.png\" alt=\"\" class=\"wp-image-442\"\/><\/a><\/figure>\n\n\n\n<div class=\"wp-block-file aligncenter\"><a href=\"https:\/\/metallbau-wicki.ch\/wp-content\/uploads\/2026\/01\/DYI-Gelaender.pdf\" class=\"wp-block-file__button wp-element-button\" download>Herunterladen<\/a><\/div>\n\n\n\n<p>Wenn Sie alle Angaben eingetragen haben, senden Sie uns das ausgef\u00fcllte Dokument per Email zu und wir werden Sie \u00fcber die Produktion und Abholung kontaktieren <\/p>\n\n\n<\/div>\n\n\n\n<div class=\"wp-block-column is-layout-flow wp-block-column-is-layout-flow\"><\/div>\n<\/div>\n\n\n\n<p><\/p>\n","protected":false},"excerpt":{"rendered":"<p>Sie sind handwerklich begabt und wollen selber Hand anlegen? Wir stellen das Gel\u00e4nder nach ihrer Zeichnung her. Sie montieren dann das Gel\u00e4nder selber. Laden Sie das PDF herunter und \u00f6ffnen Sie es am besten mit Adobe Reader oder einem Browser dort k\u00f6nnen Sie die Masse sowie n\u00f6tigen Montagen ausw\u00e4hlen und den Preis berechnen. Wenn Sie [&hellip;]<\/p>\n","protected":false},"author":1,"featured_media":0,"parent":0,"menu_order":0,"comment_status":"closed","ping_status":"closed","template":"","meta":{"footnotes":""},"class_list":["post-404","page","type-page","status-publish","hentry"],"_links":{"self":[{"href":"https:\/\/metallbau-wicki.ch\/index.php\/wp-json\/wp\/v2\/pages\/404","targetHints":{"allow":["GET"]}}],"collection":[{"href":"https:\/\/metallbau-wicki.ch\/index.php\/wp-json\/wp\/v2\/pages"}],"about":[{"href":"https:\/\/metallbau-wicki.ch\/index.php\/wp-json\/wp\/v2\/types\/page"}],"author":[{"embeddable":true,"href":"https:\/\/metallbau-wicki.ch\/index.php\/wp-json\/wp\/v2\/users\/1"}],"replies":[{"embeddable":true,"href":"https:\/\/metallbau-wicki.ch\/index.php\/wp-json\/wp\/v2\/comments?post=404"}],"version-history":[{"count":7,"href":"https:\/\/metallbau-wicki.ch\/index.php\/wp-json\/wp\/v2\/pages\/404\/revisions"}],"predecessor-version":[{"id":453,"href":"https:\/\/metallbau-wicki.ch\/index.php\/wp-json\/wp\/v2\/pages\/404\/revisions\/453"}],"wp:attachment":[{"href":"https:\/\/metallbau-wicki.ch\/index.php\/wp-json\/wp\/v2\/media?parent=404"}],"curies":[{"name":"wp","href":"https:\/\/api.w.org\/{rel}","templated":true}]}}